1445
Calculate the greatest common divisor of 332367 and 7192887.
969
What is the greatest common factor of 1284 and 468317600?
428
What is the highest common factor of 42460 and 95989322?
4246
What is the greatest common divisor of 10777 and 14482?
13
Calculate the greatest common divisor of 110349570 and 6060.
3030
Calculate the highest common factor of 835968 and 25954194.
13062
Calculate the highest common divisor of 10 and 136946305.
5
What is the greatest common factor of 80536418 and 2672?
334
What is the greatest common divisor of 22738809 and 425?
17
What is the greatest common divisor of 99 and 23662518?
33
Calculate the highest common factor of 17801 and 4648604.
2543
Calculate the greatest common factor of 1135 and 124946929.
227
Calculate the greatest common divisor of 2421175 and 675.
25
Calculate the greatest common factor of 2255 and 48235.
55
What is the greatest common factor of 324867488 and 11946?
3982
Calculate the greatest common divisor of 36105453 and 1026.
513
What is the greatest common divisor of 885 and 359437735?
295
What is the highest common factor of 2254 and 6628426?
98
What is the greatest common factor of 30600966 and 151206?
5214
What is the highest common factor of 23123274 and 76773?
471
Calculate the highest common divisor of 12586 and 715232.
434
Calculate the highest common factor of 1141743664 and 408.
136
What is the highest common divisor of 11470778 and 352?
22
What is the greatest common factor of 78 and 66300?
78
What is the greatest common factor of 166103 and 160979?
427
Calculate the greatest common factor of 64192 and 503608.
136
What is the greatest common divisor of 4640940 and 413?
59
What is the greatest common factor of 42 and 29539122?
6
Calculate the highest common factor of 10312 and 78830084.
5156
Calculate the highest common factor of 991606 and 170401.
77
Calculate the greatest common factor of 874 and 2704327.
19
Calculate the highest common divisor of 1024 and 126944.
32
Calculate the greatest common factor of 5 and 93755860.
5
Calculate the highest common factor of 263146 and 78416.
754
What is the greatest common factor of 5677310786 and 14?
14
What is the highest common divisor of 10110836 and 155?
31
What is the highest common factor of 201 and 2452803?
201
Calculate the highest common factor of 14623468 and 68.
68
Calculate the greatest common divisor of 210 and 518136990.
210
Calculate the highest common divisor of 132 and 111555246.
66
Calculate the greatest common divisor of 1320 and 91510870.
110
What is the highest common factor of 9113 and 2461211?
701
What is the greatest common divisor of 502071 and 666297?
303
What is the highest common divisor of 43268744 and 40?
8
What is the greatest common factor of 990793 and 4294?
19
Calculate the greatest common factor of 80568490 and 5020.
2510
Calculate the highest common divisor of 7412 and 37009.
17
What is the highest common factor of 52 and 53778647?
13
Calculate the greatest common factor of 2121 and 2079287.
707
What is the highest common factor of 589405537 and 7?
7
What is the highest common factor of 453060 and 6495?
15
Calculate the highest common divisor of 786283 and 33580.
73
What is the greatest common divisor of 143 and 1368697?
11
What is the highest common divisor of 45 and 170169735?
15
Calculate the greatest common factor of 1079 and 24267623.
83
What is the highest common divisor of 8062288 and 26?
26
Calculate the greatest common factor of 2856 and 368628.
204
What is the highest common divisor of 326040 and 51194?
286
What is the highest common factor of 230 and 2069471?
23
Calculate the highest common factor of 13853 and 189.
7
What is the greatest common divisor of 94135851 and 102?
51
Calculate the highest common divisor of 26695883 and 298.
149
Calculate the greatest common divisor of 522633138 and 282.
282
Calculate the highest common factor of 26739786 and 24.
6
What is the highest common factor of 159552 and 80884?
1108
Calculate the greatest common divisor of 12357775 and 5462.
2731
Calculate the greatest common divisor of 1327087 and 2439.
271
What is the greatest common factor of 703 and 35093057?
703
Calculate the highest common factor of 39 and 459766281.
39
Calculate the highest common factor of 22620985 and 501.
167
What is the highest common factor of 7964 and 97778010?
3982
What is the highest common divisor of 12304702 and 272?
34
What is the highest common factor of 21859044 and 2052?
228
Calculate the greatest common factor of 4556 and 15756926.
2278
What is the greatest common factor of 1137206 and 51562?
406
Calculate the greatest common divisor of 62296 and 163592.
104
What is the greatest common divisor of 23120991 and 54?
27
Calculate the highest common divisor of 337750 and 15850.
50
Calculate the greatest common factor of 1570490 and 6.
2
What is the highest common divisor of 1180 and 24731620?
1180
What is the greatest common factor of 8 and 867222280?
8
What is the greatest common factor of 7824 and 9599559?
489
Calculate the highest common factor of 1772 and 44046161.
443
What is the greatest common factor of 11254 and 2018438?
662
Calculate the greatest common factor of 2950960 and 560.
80
What is the greatest common factor of 207 and 231785973?
207
Calculate the highest common factor of 910386 and 262414.
1466
Calculate the greatest common factor of 297080 and 40960.
40
What is the greatest common factor of 27604395 and 104?
13
What is the greatest common factor of 1588936593 and 174?
87
What is the highest common factor of 7129558 and 16?
2
Calculate the greatest common factor of 45 and 24179301.
9
Calculate the highest common factor of 36795276 and 90798.
2454
What is the greatest common factor of 576642 and 154?
22
Calculate the highest common factor of 16766408 and 4408.
232
What is the greatest common factor of 14060 and 34298420?
380
Calculate the highest common factor of 476 and 47994604.
476
What is the greatest common factor of 44659721 and 138?
23
What is the highest common factor of 55450544 and 192?
16
Calculate the highest common divisor of 13653 and 12765.
111
What is the greatest common divisor of 6 and 91968414?
6
What is the highest common divisor of 99627 and 66?
33
Calculate the highest common divisor of 31326 and 385986.
138
What is the greatest common factor of 3831 and 1983181?
1277
Calculate the highest common factor of 69 and 25135274.
23
Calculate the highest common factor of 1076 and 219228544.
1076
Calculate the highest common factor of 231938597 and 3058.
1529
Calculate the greatest common factor of 1278879 and 1281.
21
What is the highest common divisor of 60027260 and 1660?
1660
Calculate the highest common factor of 1871152 and 14608.
1328
Calculate the greatest common factor of 2538 and 16333722.
846
Calculate the highest common divisor of 280910928 and 96.
48
What is the highest common divisor of 3929565 and 240?
15
What is the highest common factor of 6358 and 61065122?
578
Calculate the highest common divisor of 10466042 and 986.
58
What is the greatest common divisor of 166680 and 110657?
463
What is the highest common factor of 665 and 444672580?
95
Calculate the highest common factor of 3301137 and 25803.
549
Calculate the greatest common divisor of 695622 and 19673.
191
Calculate the greatest common divisor of 275 and 568960975.
275
What is the highest common factor of 2596874 and 392?
14
What is the highest common factor of 12227688 and 2728?
88
Calculate the highest common divisor of 15484003 and 159.
53
What is the highest common factor of 15645 and 1102465?
35
What is the greatest common divisor of 8538 and 1827198?
6
Calculate the greatest common factor of 221646 and 9166774.
1802
Calculate the highest common divisor of 694 and 17421829.
347
Calculate the highest common factor of 8297248 and 2784.
928
What is the highest common divisor of 5337500 and 10980?
1220
Calculate the greatest common divisor of 6577356 and 345.
69
What is the highest common divisor of 226340088 and 312?
312
What is the highest common divisor of 103005 and 734115?
1635
What is the greatest common factor of 150531177 and 141?
141
What is the highest common divisor of 14986 and 513182?
118
Calculate the highest common factor of 207159615 and 2610.
1305
